?
5
What is the hundreds digit of 3613190?
1
What is the hundred thousands digit of 615771?
6
What is the millions digit of 1081187?
1
What is the ten thousands digit of 129665?
2
What is the tens digit of 4880?
8
What is the thousands digit of 65730?
5
What is the ten thousands digit of 369804?
6
What is the units digit of 662927?
7
What is the millions digit of 7319762?
7
What is the hundreds digit of 3952401?
4
What is the thousands digit of 33635?
3
What is the units digit of 2571011?
1
What is the hundred thousands digit of 8892318?
8
What is the thousands digit of 92348?
2
What is the hundred thousands digit of 1411398?
4
What is the hundreds digit of 3969739?
7
What is the tens digit of 223742?
4
What is the ten thousands digit of 1729748?
2
What is the millions digit of 2154096?
2
What is the hundred thousands digit of 17491451?
4
What is the units digit of 291542?
2
What is the thousands digit of 1114512?
4
What is the ten thousands digit of 642306?
4
What is the tens digit of 2773117?
1
What is the thousands digit of 4140423?
0
What is the ten millions digit of 10652614?
1
What is the hundred thousands digit of 830064?
8
What is the ten thousands digit of 348742?
4
What is the tens digit of 3060967?
6
What is the hundreds digit of 13451058?
0
What is the ten thousands digit of 2679799?
7
What is the hundreds digit of 427054?
0
What is the units digit of 426391?
1
What is the units digit of 710173?
3
What is the thousands digit of 437431?
7
What is the ten thousands digit of 10023638?
2
What is the units digit of 259620?
0
What is the tens digit of 23033672?
7
What is the tens digit of 7673947?
4
What is the millions digit of 2109282?
2
What is the ten thousands digit of 423630?
2
What is the ten thousands digit of 246655?
4
What is the hundred thousands digit of 170100?
1
What is the hundred thousands digit of 24963175?
9
What is the units digit of 18076642?
2
What is the tens digit of 609025?
2
What is the ten thousands digit of 18315388?
1
What is the hundred thousands digit of 1071574?
0
What is the ten thousands digit of 13086386?
8
What is the thousands digit of 493028?
3
What is the thousands digit of 1090389?
0
What is the units digit of 8141976?
6
What is the ten thousands digit of 1535636?
3
What is the millions digit of 4454030?
4
What is the hundred thousands digit of 1820076?
8
What is the hundreds digit of 871976?
9
What is the thousands digit of 2366508?
6
What is the thousands digit of 7776335?
6
What is the hundreds digit of 64533?
5
What is the units digit of 195671?
1
What is the units digit of 4281326?
6
What is the hundred thousands digit of 13849404?
8
What is the thousands digit of 213942?
3
What is the units digit of 456709?
9
What is the millions digit of 12161888?
2
What is the hundreds digit of 982760?
7
What is the tens digit of 2092641?
4
What is the tens digit of 11190415?
1
What is the units digit of 225865?
5
What is the hundred thousands digit of 12365573?
3
What is the thousands digit of 839971?
9
What is the hundreds digit of 218159?
1
What is the hundred thousands digit of 774944?
7
What is the ten thousands digit of 3099595?
9
What is the ten millions digit of 30975893?
3
What is the tens digit of 167683?
8
What is the ten thousands digit of 361613?
6
What is the units digit of 900138?
8
What is the ten thousands digit of 2406990?
0
What is the ten thousands digit of 14080463?
8
What is the millions digit of 2948286?
2
What is the units digit of 4458508?
8
What is the tens digit of 2658515?
1
What is the thousands digit of 16504037?
4
What is the hundreds digit of 846643?
6
What is the tens digit of 1759798?
9
What is the hundreds digit of 7700450?
4
What is the thousands digit of 8377765?
7
What is the units digit of 1482112?
2
What is the ten millions digit of 13789000?
1
What is the tens digit of 12346911?
1
What is the ten thousands digit of 8429491?
2
What is the millions digit of 3679064?
3
What is the tens digit of 126735?
3
What is the ten thousands digit of 4010603?
1
What is the units digit of 11332123?
3
What is the hundred thousands digit of 405577?
4
What is the hundred thousands digit of 1521251?
5
What is the units digit of 83218?
8
What is the ten thousands digit of 1124923?
2
What is the hundred thousands digit of 245496?
2
What is the ten millions digit of 14225108?
1
What is the ten thousands digit of 66186?
6
What is the thousands digit of 567001?
7
What is the thousands digit of 160468?
0
What is the ten thousands digit of 1230115?
3
What is the ten thousands digit of 202792?
0
What is the hundreds digit of 256146?
1
What is the hundred thousands digit of 9682482?
6
What is the units digit of 369859?
9
What is the hundred thousands digit of 267971?
2
What is the tens digit of 569688?
8
What is the ten thousands digit of 608540?
0
What is the tens digit of 37730915?
1
What is the thousands digit of 110032?
0
What is the ten thousands digit of 34634?
3
What is the thousands digit of 6781779?
1
What is the units digit of 3529080?
0
What is the units digit of 4296455?
5
What is the ten thousands digit of 6910672?
1
What is the thousands digit of 3539114?
9
What is the tens digit of 147973?
7
What is the ten thousands digit of 995921?
9
What is the hundred thousands digit of 1859044?
8
What is the hundreds digit of 392922?
9
What is the thousands digit of 1669510?
9
What is the hundred thousands digit of 193297?
1
What is the hundred thousands digit of 8508536?
5
What is the thousands digit of 65702?
5
What is the thousands digit of 84467?
4
What is the units digit of 1451897?
7
What is the hundred thousands digit of 815467?
8
What is the ten thousands digit of 2254630?
5
What is the units digit of 1963523?
3
What is the hundred thousands digit of 212822?
2
What is the units digit of 451907?
7
What is the ten thousands digit of 17097481?
9
What is the thousands digit of 12457948?
7
What is the hundred thousands digit of 373760?
3
What is the thousands digit of 3992522?
2
What is the ten thousands digit of 2266899?
6
What is the hundred thousands digit of 267587?
2
What is the thousands digit of 518156?
8
What is the hundred thousands digit of 2668236?
6
What is the ten thousands digit of 3014438?
1
What is the thousands digit of 221293?
1
What is the tens digit of 637589?
8
What is the units digit of 1720166?
6
What is the ten thousands digit of 14636425?
3
What is the millions digit of 23351637?
3
What is the hundred thousands digit of 271973?
2
What is the hundreds digit of 2063739?
7
What is the millions digit of 3370896?
3
What is the tens digit of 11664154?
5
What is the hundreds digit of 302397?
3
What is the ten thousands digit of 1437823?
3
What is the hundred thousands digit of 240172?
2
What is the tens digit of 42705?
0
What is the tens digit of 7749825?
2
What is the thousands digit of 100748?
0
What is the hundreds digit of 677645?
6
What is the hundred thousands digit of 1868552?
8
What is the tens digit of 43495?
9
What is the hundred thousands digit of 383053?
3
What is the units digit of 335759?
9
What is the hundred thousands digit of 177131?
1
What is the hundred thousands digit of 2024565?
0
What is the ten thousands digit of 30045639?
4
What is the millions digit of 11594683?
1
What is the ten thousands digit of 651967?
5
What is the ten thousands digit of 41590?
4
What is the ten thousands digit of 107191?
0
What is the tens digit of 73205?
0
What is the hundred thousands digit of 522544?
5
What is the hundreds digit of 27401025?
0
What is the ten thousands digit of 904925?
0
What is the hundreds digit of 357381?
3
What is the hundreds digit of 118123?
1
What is the millions digit of 6103532?
6
What is the thousands digit of 221681?
1
What is the hundreds digit of 163967?
9
What is the tens digit of 1305979?
7
What is the thousands digit of 64497?
4
What is the thousands digit of 203047?
3
What is the hundred thousands digit of 2333428?
3
What is the hundreds digit of 633044?
0
What is the hundreds digit of 13835692?
6
What is the hundreds digit of 604399?
3
What is the tens digit of 5891169?
6
What is the units digit of 194506?
6
What is the tens digit of 7969129?
2
What is the ten thousands digit of 21943845?
4
What is the hundred thousands digit of 1016